{"id":1744,"date":"2018-07-17T22:53:12","date_gmt":"2018-07-17T20:53:12","guid":{"rendered":"http:\/\/www.artifactconsulting.com\/lapeira\/?page_id=1744"},"modified":"2024-09-14T07:34:45","modified_gmt":"2024-09-14T07:34:45","slug":"manuel-lapeira-benito","status":"publish","type":"page","link":"https:\/\/www.artifactconsulting.com\/lapeira\/index.php\/manuel-lapeira-benito\/","title":{"rendered":"Manuel Lapeira Benito"},"content":{"rendered":"<p style=\"text-align: justify;\"><span style=\"font-weight: 400;\">Manuel Lapeira Benito falleci\u00f3 el d\u00eda 16 de Julio de 2018 a las 22:30 en la Cl\u00ednica La Zarzuela acompa\u00f1ado de su familia a los 81 a\u00f1os de edad. Deja mujer y tres hijos.<\/span><\/p>\n<p style=\"text-align: justify;\"><span style=\"font-weight: 400;\">Nacido en Madrid, residente en sus primeros a\u00f1os en una vivienda humilde del barrio de Lavapi\u00e9s, perdi\u00f3 a su padre de ni\u00f1o e ingres\u00f3 con 14 a\u00f1os en el Taller de Precisi\u00f3n de Artiller\u00eda contribuyendo a la econom\u00eda familiar, curs\u00f3 maestr\u00eda industrial para despu\u00e9s viajar dos a\u00f1os a Suiza y trabajar all\u00ed de fresador. Al volver se pag\u00f3 sus estudios de Perito Industrial en la Escuela de Ingenieros Industriales donde entr\u00f3 con 22 a\u00f1os.<\/span><\/p>\n<p style=\"text-align: justify;\"><span style=\"font-weight: 400;\">Por formaci\u00f3n fue fresador y en menor medida tornero, entusiasta de la fabricaci\u00f3n de moldes por inyecci\u00f3n y el termoconformado, temas de los que hablaba con pasi\u00f3n y a los que retornar\u00eda con sus m\u00faltiples prototipos durante a\u00f1os.<\/span><\/p>\n<p style=\"text-align: justify;\"><span style=\"font-weight: 400;\">Laboralmente busc\u00f3 oportunidades de negocio en una \u00e9poca donde todav\u00eda se usaban contenedores de agua estancada con fines l\u00fadicos y la filtraci\u00f3n de agua se estaba introduciendo en el mercado de las fincas privadas, camino por el que acabar\u00eda desarrollando su principal actividad comercial.<\/span><\/p>\n<p style=\"text-align: justify;\"><span style=\"font-weight: 400;\">Empez\u00f3 trabajando en Siemens reparando bombas y ante la creciente demanda de servicios consigui\u00f3 que Siemens accediera a cederle un servicio oficial de mantenimiento de bombas como proveedor aut\u00f3nomo.<\/span><\/p>\n<p style=\"text-align: justify;\"><span style=\"font-weight: 400;\">Desarrollaba su negocio en un peque\u00f1o local en Lavapi\u00e9s empleando a amigos y familia con apenas 3 o 4 personas. Al surgir la necesidad en Siemens empez\u00f3 a importar sus propias bombas y filtros para la depuraci\u00f3n de agua desde EEUU, traer\u00eda varios contenedores durante algunos meses.<\/span><\/p>\n<p style=\"text-align: justify;\"><span style=\"font-weight: 400;\">Viendo que el principio de funcionamiento de filtros y bombas de impulsi\u00f3n era t\u00e9cnicamente asequible decidi\u00f3 dise\u00f1ar su propio modelo de filtro y bomba para comercializarlo y para fabricarlos dise\u00f1\u00f3 sus propias m\u00e1quinas. Su principal dise\u00f1o de filtro consist\u00eda en una esfera formada por dos mitades que se pul\u00edan en una m\u00e1quina con forma de mesa (que el mismo dise\u00f1\u00f3 y fabric\u00f3) y que se cerraba herm\u00e9ticamente con unos zunchos de uni\u00f3n hechos de acero que se doblaban gracias a otra m\u00e1quina basada en un motor de ascensor.<\/span><\/p>\n<p style=\"text-align: justify;\"><span style=\"font-weight: 400;\">Las necesidades de filtraci\u00f3n fueron creciendo exponencialmente en meses durante los 70 y dos empresas (El Corte Ingl\u00e9s y Astral) se repart\u00edan gran parte del mercado de filtraci\u00f3n privado mientras que peque\u00f1as empresas como <em>Ariepal S.L.<\/em> (Lapeira al rev\u00e9s) prosperaron con un crecimiento de 4 cifras porcentuales en apenas dos a\u00f1os gracias a un nuevo mercado en ebullici\u00f3n debido a las nuevas leyes de salubridad del agua de uso privativo.<\/span><\/p>\n<p style=\"text-align: justify;\"><span style=\"font-weight: 400;\">A los pocos a\u00f1os desafortunadamente un problema de dise\u00f1o con el grosor del bobinado de las motobombas y los picos de la red en horas de bajo consumo le hizo perder una parte importante de la facturaci\u00f3n y con el paso de los a\u00f1os acabar\u00eda transicionando la actividad de su empresa hacia el mercado de la construcci\u00f3n de vasos de piscina: primero con fibra de vidrio y despu\u00e9s con hormig\u00f3n gunitado construyendo en la zona noroeste de Madrid m\u00e1s de 1000 piscinas durante m\u00e1s de 2 d\u00e9cadas.<\/span><\/p>\n<p style=\"text-align: justify;\"><span style=\"font-weight: 400;\">Con su marca y sociedad an\u00f3nima Mercapiscinas S.A. fue conocido para muchos madrile\u00f1os que pasaban por la A6 desde la construcci\u00f3n de la exposici\u00f3n en los a\u00f1os 80 a la altura del Km.10. En su mejor momento Mercapiscinas empleaba a unas 15 personas fijas y 15 temporales en los picos de verano.<\/span><span style=\"font-weight: 400;\"><br \/>\n<\/span><span style=\"font-weight: 400;\"><br \/>\n<\/span><span style=\"font-weight: 400;\">Nunca cambi\u00f3 de actividad o de negocio (aparte de sus prototipos de ingenier\u00eda que ense\u00f1aba orgulloso) y cualquier cliente que quisiera informarse sab\u00eda que Manuel viv\u00eda junto a su trabajo, muchos clientes y proveedores todav\u00eda ven\u00edan de visita lustros despu\u00e9s solo para interesarse por su salud.<\/span><\/p>\n<p style=\"text-align: justify;\"><span style=\"font-weight: 400;\">Se autoform\u00f3 en dise\u00f1o 2D y 3D con Autocad y se asegur\u00f3 de que sus hijos pudieran disfrutar del Spectrum 48k tan pronto como estuvo disponible bajo la promesa de que se usar\u00eda para trabajo y que no ser\u00eda un juguete. <\/span><span style=\"font-weight: 400;\">Pudo llevar a sus tres hijos al colegio Santa Mar\u00eda de los Rosales y <span style=\"font-weight: 400;\">durante toda su vida<\/span> transmiti\u00f3 valores como la seriedad, el trabajo y la constancia ense\u00f1ando con el ejemplo.<\/span><\/p>\n<p style=\"text-align: justify;\"><span style=\"font-weight: 400;\">A t\u00edtulo m\u00e1s personal era un defensor del &#8220;trabajo-hobby&#8221;, dedic\u00f3 su vida a intentar ganarse la vida con cosas que le apasionaran porque sab\u00eda que eso le har\u00eda m\u00e1s feliz y m\u00e1s competitivo. Si ya en edad avanzada su cabeza se lo hubiera permitido hubiera sido un gran fan de la impresi\u00f3n 3D y seguramente nos hubiera deleitado en github con algunos modelos curiosos de obra exterior y maquinaria en miniatura. Mi padre fue el en\u00e9simo ejemplo de que se puede prosperar viniendo de la nada, solo es cuesti\u00f3n de trabajar mucho e inteligentemente, si hace falta durante a\u00f1os, si hace falta en solitud.<br \/>\n<\/span><\/p>\n","protected":false},"excerpt":{"rendered":"<p>Manuel Lapeira Benito falleci\u00f3 el d\u00eda 16 de Julio de 2018 a las 22:30 en la Cl\u00ednica La Zarzuela acompa\u00f1ado de su familia a los 81 a\u00f1os de edad. Deja mujer y tres hijos. Nacido en Madrid, residente en sus primeros a\u00f1os en una vivienda humilde del barrio de Lavapi\u00e9s, perdi\u00f3 a su padre de [&hellip;]<\/p>\n","protected":false},"author":1,"featured_media":0,"parent":0,"menu_order":0,"comment_status":"closed","ping_status":"open","template":"","meta":[],"_links":{"self":[{"href":"https:\/\/www.artifactconsulting.com\/lapeira\/index.php\/wp-json\/wp\/v2\/pages\/1744"}],"collection":[{"href":"https:\/\/www.artifactconsulting.com\/lapeira\/index.php\/wp-json\/wp\/v2\/pages"}],"about":[{"href":"https:\/\/www.artifactconsulting.com\/lapeira\/index.php\/wp-json\/wp\/v2\/types\/page"}],"author":[{"embeddable":true,"href":"https:\/\/www.artifactconsulting.com\/lapeira\/index.php\/wp-json\/wp\/v2\/users\/1"}],"replies":[{"embeddable":true,"href":"https:\/\/www.artifactconsulting.com\/lapeira\/index.php\/wp-json\/wp\/v2\/comments?post=1744"}],"version-history":[{"count":9,"href":"https:\/\/www.artifactconsulting.com\/lapeira\/index.php\/wp-json\/wp\/v2\/pages\/1744\/revisions"}],"predecessor-version":[{"id":1935,"href":"https:\/\/www.artifactconsulting.com\/lapeira\/index.php\/wp-json\/wp\/v2\/pages\/1744\/revisions\/1935"}],"wp:attachment":[{"href":"https:\/\/www.artifactconsulting.com\/lapeira\/index.php\/wp-json\/wp\/v2\/media?parent=1744"}],"curies":[{"name":"wp","href":"https:\/\/api.w.org\/{rel}","templated":true}]}}